{"id":85,"date":"2022-12-29T15:21:16","date_gmt":"2022-12-29T14:21:16","guid":{"rendered":"https:\/\/leis-it-consulting.de\/?page_id=85"},"modified":"2022-12-29T15:22:41","modified_gmt":"2022-12-29T14:22:41","slug":"profil","status":"publish","type":"page","link":"https:\/\/leis-it-consulting.de\/?page_id=85","title":{"rendered":"Profil"},"content":{"rendered":"\n<p>Als selbstst\u00e4ndiger und unabh\u00e4ngiger IT-Freelancer mit Fokus auf Datacenter L\u00f6sungen berate und unterst\u00fctze ich Sie in den folgenden Bereichen:<\/p>\n\n\n\n<ul class=\"wp-block-list\">\n<li>Analyse bestehender Umgebungen<\/li>\n\n\n\n<li>Durchf\u00fchrung von Troubleshootings und Aufzeigen von Optimierungspotenzial<\/li>\n\n\n\n<li>Konzeption und Beratung<\/li>\n\n\n\n<li>Implementation und Betrieb<\/li>\n<\/ul>\n\n\n\n<p>Die notwendige Expertise, Ihnen die bestm\u00f6glichen Unterst\u00fctzung zu bieten, habe ich in \u00fcber 12 Jahren Berufserfahrung gesammelt und stetig weiterentwickelt.<\/p>\n\n\n\n<ul class=\"wp-block-list\">\n<li>Fachinformatiker f\u00fcr Systemintegration (IHK), Abschluss 2010<\/li>\n\n\n\n<li>ITIL Edition 2011  Foundation Zertifikat, 2017<\/li>\n\n\n\n<li>Studiengang Business Administration (B.A.) mit Schwerpunkt Dienstleistungsmanagement und Entrepreneurship &amp; Innovation, Abschluss 2021<\/li>\n\n\n\n<li>Ca. 5 Jahre Erfahrung in unternehmensinternen IT-Abteilungen<\/li>\n\n\n\n<li>\u00dcber 7 Jahre Erfahrung als externer IT-Dienstleister f\u00fcr Beratung, Konzeption und Implementation<\/li>\n<\/ul>\n\n\n\n<p>Mein Schwerpunkt im Datacenterbereich liegt dabei auf Server- und Desktop-Virtualisierung sowie auf den angrenzenden Bereichen Backup &amp; Recovery und Monitoring.<\/p>\n\n\n\n<p>Zur Entwicklung der bestm\u00f6glichen L\u00f6sung habe ich immer einen Blick auf das IT-Servicemanagement, sodass die eingesetzte L\u00f6sung den Anforderungen gerecht wird, der Betrieb effizient erfolgen kann und die Aspekte des Lifecycle Prozesses ber\u00fccksichtigt werden.<\/p>\n\n\n\n<p>Eine Auswahl der Tools und Systeme mit welchen ich \u00fcber die Jahre Erfahrungen sammeln konnte:<\/p>\n\n\n\n<h4 class=\"wp-block-heading\">SAN-Storage<\/h4>\n\n\n\n<ul class=\"wp-block-list\">\n<li>DellEMC Equallogic, Compellent, PowerVault, VNX, VNXe<\/li>\n\n\n\n<li>VMware vSAN<\/li>\n\n\n\n<li>PureStorage<\/li>\n<\/ul>\n\n\n\n<h4 class=\"wp-block-heading\">Secondary-Storage<\/h4>\n\n\n\n<ul class=\"wp-block-list\">\n<li>DellEMC DataDomain, DR-Series<\/li>\n\n\n\n<li>Quest QoreStor<\/li>\n\n\n\n<li>Open-E DSS<\/li>\n<\/ul>\n\n\n\n<h4 class=\"wp-block-heading\">Netzwerk<\/h4>\n\n\n\n<ul class=\"wp-block-list\">\n<li>D-Link DGS-Series<\/li>\n\n\n\n<li>Dell N3000\/N4000 Series<\/li>\n\n\n\n<li>HPe ProCurve Series<\/li>\n<\/ul>\n\n\n\n<h4 class=\"wp-block-heading\">Hypervisor<\/h4>\n\n\n\n<ul class=\"wp-block-list\">\n<li>VMware vSphere<\/li>\n\n\n\n<li>Microsoft Hyper-V<\/li>\n\n\n\n<li>XenServer<\/li>\n<\/ul>\n\n\n\n<h4 class=\"wp-block-heading\">Desktop Virtualisierung<\/h4>\n\n\n\n<ul class=\"wp-block-list\">\n<li>Citrix Virtual Apps (XenApp\/XenDesktop)<\/li>\n\n\n\n<li>Microsoft Remote Desktop Services<\/li>\n<\/ul>\n\n\n\n<h4 class=\"wp-block-heading\">Datenbanksysteme<\/h4>\n\n\n\n<ul class=\"wp-block-list\">\n<li>Microsoft SQL<\/li>\n\n\n\n<li>MySQL<\/li>\n<\/ul>\n\n\n\n<h4 class=\"wp-block-heading\">System Management und System Deployment<\/h4>\n\n\n\n<ul class=\"wp-block-list\">\n<li>Quest Kace System Management Appliance (ehem. Kace K1000)<\/li>\n\n\n\n<li>Quest Kace System Deployment Appliance (ehem. Kace K2000)<\/li>\n<\/ul>\n\n\n\n<h4 class=\"wp-block-heading\">Backup &amp; Recovery<\/h4>\n\n\n\n<ul class=\"wp-block-list\">\n<li>Veeam Backup &amp; Replication<\/li>\n\n\n\n<li>Veritas BackupExec<\/li>\n\n\n\n<li>IBM Tivoli Storage Manager<\/li>\n<\/ul>\n\n\n\n<h4 class=\"wp-block-heading\">Monitoring<\/h4>\n\n\n\n<ul class=\"wp-block-list\">\n<li>Paessler PRTG Network Monitor<\/li>\n<\/ul>\n\n\n\n<h4 class=\"wp-block-heading\">Firewall<\/h4>\n\n\n\n<ul class=\"wp-block-list\">\n<li>Sophos Firewall (XGS), Sophos UTM<\/li>\n\n\n\n<li>Barracuda Firewall<\/li>\n\n\n\n<li>Palo Alto Firewall<\/li>\n<\/ul>\n\n\n\n<h4 class=\"wp-block-heading\">Security \/ Anti-Virus<\/h4>\n\n\n\n<ul class=\"wp-block-list\">\n<li>Sophos Endpoint Protection, Sophos Cloud<\/li>\n<\/ul>\n","protected":false},"excerpt":{"rendered":"<p>Als selbstst\u00e4ndiger und unabh\u00e4ngiger IT-Freelancer mit Fokus auf Datacenter L\u00f6sungen berate und unterst\u00fctze ich Sie in den folgenden Bereichen: Die notwendige Expertise, Ihnen die bestm\u00f6glichen Unterst\u00fctzung zu bieten, habe ich in \u00fcber 12 Jahren Berufserfahrung gesammelt und stetig weiterentwickelt. Mein Schwerpunkt im Datacenterbereich liegt dabei auf Server- und Desktop-Virtualisierung sowie auf den angrenzenden Bereichen Backup &hellip; <\/p>\n<p class=\"link-more\"><a href=\"https:\/\/leis-it-consulting.de\/?page_id=85\" class=\"more-link\"><span class=\"screen-reader-text\">\u201eProfil\u201c <\/span>weiterlesen<\/a><\/p>\n","protected":false},"author":2,"featured_media":0,"parent":0,"menu_order":0,"comment_status":"closed","ping_status":"closed","template":"","meta":{"footnotes":""},"class_list":["post-85","page","type-page","status-publish","hentry"],"_links":{"self":[{"href":"https:\/\/leis-it-consulting.de\/index.php?rest_route=\/wp\/v2\/pages\/85","targetHints":{"allow":["GET"]}}],"collection":[{"href":"https:\/\/leis-it-consulting.de\/index.php?rest_route=\/wp\/v2\/pages"}],"about":[{"href":"https:\/\/leis-it-consulting.de\/index.php?rest_route=\/wp\/v2\/types\/page"}],"author":[{"embeddable":true,"href":"https:\/\/leis-it-consulting.de\/index.php?rest_route=\/wp\/v2\/users\/2"}],"replies":[{"embeddable":true,"href":"https:\/\/leis-it-consulting.de\/index.php?rest_route=%2Fwp%2Fv2%2Fcomments&post=85"}],"version-history":[{"count":2,"href":"https:\/\/leis-it-consulting.de\/index.php?rest_route=\/wp\/v2\/pages\/85\/revisions"}],"predecessor-version":[{"id":88,"href":"https:\/\/leis-it-consulting.de\/index.php?rest_route=\/wp\/v2\/pages\/85\/revisions\/88"}],"wp:attachment":[{"href":"https:\/\/leis-it-consulting.de\/index.php?rest_route=%2Fwp%2Fv2%2Fmedia&parent=85"}],"curies":[{"name":"wp","href":"https:\/\/api.w.org\/{rel}","templated":true}]}}